f 213206605?
True
Does 31 divide 656799017?
False
Is 5 a factor of 8725757?
False
Is 440 a factor of 975849106?
False
Is 26 a factor of 285807732?
False
Is 98 a factor of 194674844?
True
Is 11 a factor of 43115432?
False
Does 397 divide 76284344?
True
Is 3471192097 a multiple of 389?
True
Is 10 a factor of 167429306?
False
Does 808 divide 293245824?
True
Does 225 divide 4554014032?
False
Is 35773020 a multiple of 15?
True
Does 5 divide 1865500?
True
Is 1813 a factor of 66252960?
False
Does 1890 divide 1312077690?
True
Does 51 divide 225875583?
True
Is 6174316305 a multiple of 271?
True
Is 345752489 a multiple of 4066?
False
Does 48 divide 18942720?
True
Is 339 a factor of 59900549?
False
Is 33031014 a multiple of 3226?
True
Does 7 divide 48298942?
False
Does 407 divide 125696624?
False
Is 31 a factor of 2127816733?
False
Does 139 divide 27742253?
False
Is 52 a factor of 214759792?
True
Does 8 divide 19452744?
True
Does 2383 divide 57947411?
True
Is 7589 a factor of 1139119507?
False
Is 105 a factor of 182936426?
False
Does 64 divide 833341994?
False
Is 223 a factor of 3118878?
True
Is 6 a factor of 81460741?
False
Is 246623 a multiple of 311?
True
Is 3361292 a multiple of 79?
True
Does 2 divide 3998655?
False
Is 885032889 a multiple of 6591?
True
Does 4673 divide 825183030?
False
Does 3497 divide 459267183?
False
Is 143825836 a multiple of 142?
True
Is 49 a factor of 231664846?
True
Is 232 a factor of 1615321924?
False
Is 5562084 a multiple of 33?
True
Does 48 divide 1746909888?
True
Is 5 a factor of 163229156?
False
Is 546 a factor of 65247827?
False
Does 9 divide 16324578?
True
Is 5 a factor of 3990728?
False
Does 39 divide 83701433?
False
Is 535633272 a multiple of 6?
True
Does 2247 divide 154977790?
False
Does 15 divide 57972930?
True
Does 21 divide 122701173?
True
Does 187 divide 25711752?
True
Is 16025364 a multiple of 2395?
False
Is 27010960 a multiple of 16?
True
Is 419 a factor of 558256110?
False
Is 614456150 a multiple of 442?
False
Is 1677583035 a multiple of 823?
False
Is 51 a factor of 475131594?
False
Does 16 divide 15587312?
True
Is 3583465 a multiple of 3?
False
Does 533 divide 1618721?
True
Is 7 a factor of 62246226?
True
Does 995 divide 52345955?
True
Is 235143285 a multiple of 59?
False
Is 484 a factor of 35558038?
False
Is 1787292601 a multiple of 99?
False
Is 29429386 a multiple of 47?
False
Is 85 a factor of 447413?
False
Does 24 divide 49929730?
False
Is 39728313 a multiple of 749?
False
Does 29 divide 170541373?
True
Is 35 a factor of 732853800?
True
Does 64 divide 62827712?
True
Does 9 divide 1493064?
True
Is 1725314167 a multiple of 461?
True
Does 71 divide 4362028?
False
Is 203596305 a multiple of 224?
False
Is 41440248 a multiple of 8?
True
Does 22 divide 150458011?
False
Is 270 a factor of 40014263?
False
Is 1410 a factor of 65879430?
True
Is 91147434 a multiple of 21?
True
Does 37 divide 39809262?
True
Does 9497 divide 776959067?
True
Is 622932420 even?
True
Does 23 divide 18873675?
False
Is 96 a factor of 27214176?
True
Does 51 divide 55104837?
True
Is 1030540060 a multiple of 2420?
True
Is 254124341 a multiple of 1541?
False
Is 1739 a factor of 126764986?
False
Is 324953924 a multiple of 66?
False
Is 14869857 a multiple of 390?
False
Is 12 a factor of 506123940?
True
Does 22 divide 160402110?
True
Does 30 divide 547603639?
False
Does 377 divide 994974?
False
Is 16 a factor of 467968133?
False
Is 371702448 a multiple of 1424?
True
Is 39229428 a multiple of 7?
True
Is 77877751 a multiple of 35?
False
Is 591717275 a multiple of 4555?
True
Does 57 divide 26786303?
False
Is 5586 a multiple of 38?
True
Does 13471 divide 1959141414?
True
Is 1521 a factor of 2014521704?
False
Does 2985 divide 6411844216?
False
Is 1023 a factor of 640190331?
True
Is 2106029816 a multiple of 40?
False
Does 125 divide 162366750?
True
Is 1251 a factor of 8242507874?
False
Is 564 a factor of 50909460?
True
Is 564359801 a multiple of 3516?
False
Is 30119080 a multiple of 1367?
False
Is 145682427 a multiple of 336?
False
Does 196 divide 220341044?
True
Is 10176 a factor of 2825433311?
False
Is 7 a factor of 5238681?
True
Is 460 a factor of 704686?
False
Is 1413 a factor of 34490030?
False
Does 20 divide 448835340?
True
Is 317561018 a multiple of 3637?
True
Does 262 divide 39460842?
False
Does 4995 divide 588291120?
True
Does 71 divide 125945311?
False
Does 1488 divide 155991779?
False
Is 9150952 a multiple of 700?
False
Is 427471770 a multiple of 55?
True
Is 461 a factor of 45486409?
True
Is 13 a factor of 124849933?
True
Is 134 a factor of 10421850?
True
Is 4182723194 a multiple of 38?
True
Does 36 divide 83801941?
False
Is 1308823461 a multiple of 2775?
False
Is 116 a factor of 134091824?
True
Does 13 divide 6294938?
True
Does 43 divide 162756806?
True
Does 37 divide 3958704?
True
Does 583 divide 216621812?
True
Is 128 a factor of 106014720?
True
Does 325 divide 119692950?
True
Does 172 divide 3096812?
False
Is 1234 a factor of 552870254?
True
Is 67361392 a multiple of 29?
False
Is 272872849 a multiple of 52?
False
Does 20 divide 42566522?
False
Does 14 divide 10241478?
False
Is 65315562 a multiple of 78?
True
Is 27187160 a multiple of 280?
True
Is 932649446 a multiple of 4?
False
Does 151 divide 716070028?
False
Does 1052 divide 132562062?
False
Does 844 divide 562460168?
True
Does 449 divide 394288003?
True
Is 1608 a factor of 226454640?
True
Is 69673946 a multiple of 172?
False
Does 1560 divide 30668040?
True
Is 6488760 a multiple of 92?
True
Is 122823577 a multiple of 10?
False
Is 797 a factor of 86468124?
True
Does 1083 divide 31950666?
True
Is 3889744335 a multiple of 405?
True
Does 88 divide 4587616?
True
Is 772330461 a multiple of 987?
True
Is 1768 a factor of 36019464?
True
Is 287943515 a multiple of 3?
False
Is 141241659 a multiple of 2?
False
Is 147 a factor of 1241523606?
False
Is 94 a factor of 282963406?
True
Is 161559792 a multiple of 8?
True
Is 15929771 a multiple of 2299?
True
Is 80350085 a multiple of 11?
False
Is 22 a factor of 64912316?
False
Does 33 divide 989286342?
True
Does 502 divide 103959180?
True
Is 2628552 a multiple of 62?
True
Does 8 divide 7706794?
False
Is 877177246 a multiple of 13?
False
Does 36 divide 116665591?
False
Does 5 divide 339504585?
True
Does 23 divide 119049541?
True
Is 86672433 a multiple of 503?
True
Is 452652235 a multiple of 217?
True
Is 40264239 a multiple of 193?
True
Is 4202220 a multiple of 55?
True
Is 22 a factor of 254354100?
True
Does 1251 divide 15915222?
True
Does 1748 divide 49604108?
False
Is 1102089924 a multiple of 468?
True
Does 70 divide 224166390?
True
Is 4014 a factor of 1446798132?
True
Does 234 divide 6428960?
False
Does 150 divide 11449299?
False
Does 108 divide 237108060?
True
Is 1338629141 a multiple of 4?
False
Is 798591180 a multiple of 6?
True
Is 21 a factor of 2933827113?
True
Is 313078911 a multiple of 79?
False
Does 514 divide 4095038?
True
Is 2959 a factor of 712246688?
False
Is 958607613 a multiple of 108?
False
Does 115 divide 201467925?
True
Is 178491378 a multiple of 507?
True
Is 2056 a factor of 57960258?
False
Is 289639719 a multiple of 63?
False
Is 1430719814 a multiple of 3937?
False
Does 458 divide 366406475?
False
Is 1213960606 a multiple of 86?
True
Is 8 a factor of 6247169?
False
Does 100 divide 549727800?
True
Is 4442637367 a multiple of 5?
False
Is 37 a factor of 326569030?
True
Does 402 divide 15313788?
True
Does 49 divide 85511517?
True
Is 826024 a multiple of 1307?
True
Is 540941296 a multiple of 100?
False
Is 752 a factor of 45057904?
False
Is 35975156 a multiple of 149?
True
Is 65685179 a multiple of 371?
True
Does 71 divide 7596995?
False
Is 14799435 a multiple of 104?
False
Does 171 divide 91429596?
True
Is 263392246 a multiple of 4965?
False
Is 510 a factor of 45426776?
False
Does 70 divide 3070617?
False
Does 3 divide 4158599?
False
Does 166 divide 14162688?
False
Is 8 a factor of 49168623?
False
Is 87022772 a multiple of 957?
False
Does 3850 divide 181139173?
False
Is 2923957760 a multiple of 128?
True
Is 7 a factor of 20155310?
True
Does 83 divide 44174675?
True
Does 18 divide 203643108?
True
Is 159344299 a multiple of 667?
True
Is 1995633360 a multiple of 6704?
False
Is 33 a factor of 46880182?
False
Is 14161112 a multiple of 7?
Tr